{"id":6,"date":"2022-12-01T11:42:43","date_gmt":"2022-12-01T11:42:43","guid":{"rendered":"https:\/\/spesaingenieria.spesa.es\/?page_id=6"},"modified":"2022-12-12T18:53:05","modified_gmt":"2022-12-12T18:53:05","slug":"acerca-de","status":"publish","type":"page","link":"https:\/\/spesaingenieria.spesa.es\/?page_id=6","title":{"rendered":"Consultor\u00eda"},"content":{"rendered":"\r\n<p style=\"text-align: right;\"><strong>EQUIPO HUMANO<\/strong><\/p>\r\n<ul>\r\n<li>SPESA cuenta con un\u00a0<strong>equipo multidisciplinar<\/strong>, integrado por profesionales de marcado perfil t\u00e9cnico, capaz de dar respuesta a todas las necesidades de consultor\u00eda medioambiental y en permanente disposici\u00f3n de sus clientes.<\/li>\r\n<\/ul>\r\n<p><img decoding=\"async\" loading=\"lazy\" class=\"size-full wp-image-194 alignright\" src=\"https:\/\/spesaingenieria.spesa.es\/wp-content\/uploads\/2022\/12\/equipoHumano_144x115.jpg\" alt=\"\" width=\"144\" height=\"115\" \/><\/p>\r\n<ul>\r\n<li>Fomenta el desarrollo participativo del equipo y no deja de buscar profesionales con formaci\u00f3n universitaria, hasta llegar a formar expertos cualificados en las diferentes disciplinas que las solicitudes de los servicios demandan.<\/li>\r\n<\/ul>\r\n<ul>\r\n<li>Anualmente se dedica\u00a0<strong>especial inter\u00e9s en la formaci\u00f3n de toda su plantilla<\/strong>, y se facilita y promueve las mejores oportunidades de rendimiento individual pero siempre fomentando el trabajo en equipo.<\/li>\r\n<\/ul>\r\n<ul>\r\n<li>Adem\u00e1s, realiza\u00a0<strong>colaboraciones coordinadas con otros equipos o empresas<\/strong> que se integran en su organizaci\u00f3n, ampliando y mejorando los medios si el servicio propuesto as\u00ed lo precisa para ser desarrollado de manera satisfactoria.<\/li>\r\n<\/ul>\r\n<p>&nbsp;<\/p>\r\n<p style=\"text-align: right;\"><strong>ORGANIGRAMA<\/strong><\/p>\r\n<p><img decoding=\"async\" src=\"https:\/\/www.spesa.es\/images\/Organigrama_2022.jpg\" alt=\"Organigrama\" \/><\/p>\r\n","protected":false},"excerpt":{"rendered":"<p>EQUIPO HUMANO SPESA cuenta con un\u00a0equipo multidisciplinar, integrado por profesionales de marcado perfil t\u00e9cnico, capaz de dar respuesta a todas las necesidades de consultor\u00eda medioambiental y en permanente disposici\u00f3n de sus clientes. Fomenta el desarrollo participativo del equipo y no deja de buscar profesionales con formaci\u00f3n universitaria, hasta llegar a formar expertos cualificados en las [&hellip;]<\/p>\n","protected":false},"author":1,"featured_media":0,"parent":0,"menu_order":0,"comment_status":"closed","ping_status":"closed","template":"","meta":[],"blog_post_layout_featured_media_urls":{"thumbnail":"","full":""},"categories_names":null,"comments_number":"0","wpmagazine_modules_lite_featured_media_urls":{"thumbnail":"","cvmm-medium":"","cvmm-medium-plus":"","cvmm-portrait":"","cvmm-medium-square":"","cvmm-large":"","cvmm-small":"","full":""},"_links":{"self":[{"href":"https:\/\/spesaingenieria.spesa.es\/index.php?rest_route=\/wp\/v2\/pages\/6"}],"collection":[{"href":"https:\/\/spesaingenieria.spesa.es\/index.php?rest_route=\/wp\/v2\/pages"}],"about":[{"href":"https:\/\/spesaingenieria.spesa.es\/index.php?rest_route=\/wp\/v2\/types\/page"}],"author":[{"embeddable":true,"href":"https:\/\/spesaingenieria.spesa.es\/index.php?rest_route=\/wp\/v2\/users\/1"}],"replies":[{"embeddable":true,"href":"https:\/\/spesaingenieria.spesa.es\/index.php?rest_route=%2Fwp%2Fv2%2Fcomments&post=6"}],"version-history":[{"count":4,"href":"https:\/\/spesaingenieria.spesa.es\/index.php?rest_route=\/wp\/v2\/pages\/6\/revisions"}],"predecessor-version":[{"id":195,"href":"https:\/\/spesaingenieria.spesa.es\/index.php?rest_route=\/wp\/v2\/pages\/6\/revisions\/195"}],"wp:attachment":[{"href":"https:\/\/spesaingenieria.spesa.es\/index.php?rest_route=%2Fwp%2Fv2%2Fmedia&parent=6"}],"curies":[{"name":"wp","href":"https:\/\/api.w.org\/{rel}","templated":true}]}}